47 composite?
False
Is 46547744189 composite?
False
Is 38661255821 a composite number?
True
Is 283328483 prime?
False
Is 5167848877 composite?
True
Is 88661317 prime?
False
Is 86796432409 a composite number?
False
Is 30899696693 a composite number?
False
Is 3093187547 prime?
False
Is 902740339 composite?
False
Is 130384992947 a composite number?
True
Is 1414586399 a composite number?
False
Is 2414548733 a prime number?
False
Is 602291791 a composite number?
True
Is 1427998301 a prime number?
True
Is 85922327 a prime number?
False
Is 296879663 composite?
False
Is 60159092401 composite?
False
Is 68970023 prime?
False
Is 144630581767 prime?
False
Is 7477689509 prime?
True
Is 242875729 composite?
False
Is 100552916207 a composite number?
False
Is 110258819717 composite?
True
Is 16527695011 composite?
True
Is 29072956769 prime?
False
Is 180921229 a prime number?
False
Is 49182690917 a prime number?
True
Is 690158593 a composite number?
False
Is 53181293101 a composite number?
True
Is 2430173129 a prime number?
True
Is 3117277591 a prime number?
True
Is 41947513703 a prime number?
False
Is 4139743819 prime?
True
Is 20197540271 prime?
True
Is 279140016877 prime?
True
Is 45554769133 prime?
True
Is 7372831717 prime?
False
Is 702920431 a composite number?
True
Is 4158242607 a prime number?
False
Is 243817543 prime?
False
Is 4622885489 a prime number?
False
Is 1138907311 composite?
False
Is 33212071 a prime number?
True
Is 559734817 prime?
False
Is 115036763 a composite number?
False
Is 10822701481 composite?
False
Is 33489787421 prime?
True
Is 14434431541 prime?
False
Is 48920963263 a prime number?
True
Is 81994908349 a composite number?
False
Is 7123459751 a composite number?
False
Is 9343164139 prime?
False
Is 6901316131 a prime number?
False
Is 1193553047 prime?
False
Is 2511540011 prime?
False
Is 150531499 a composite number?
False
Is 14280244291 composite?
False
Is 3153121063 composite?
True
Is 1458921209 a composite number?
False
Is 406122349 a prime number?
True
Is 31469788651 composite?
True
Is 14191774601 a prime number?
True
Is 2203534727 prime?
False
Is 109039723 prime?
False
Is 7521301349 prime?
True
Is 9664391585 composite?
True
Is 621250381 prime?
False
Is 413832718643 a composite number?
False
Is 175022107261 prime?
True
Is 1272420939 a prime number?
False
Is 460692541 composite?
True
Is 60171304043 composite?
False
Is 233988851 composite?
True
Is 430315729 a composite number?
False
Is 175477241 a prime number?
False
Is 4316298643 prime?
False
Is 751498667 a composite number?
False
Is 42639809039 a composite number?
False
Is 3321582189 a prime number?
False
Is 898343749 composite?
False
Is 1298677999 a composite number?
True
Is 17234627017 composite?
False
Is 72177629 composite?
False
Is 5544259723 composite?
True
Is 163401907 a prime number?
True
Is 15410147 a composite number?
True
Is 4392083919 a composite number?
True
Is 233388979 a composite number?
True
Is 4897604707 composite?
True
Is 32315279 a prime number?
True
Is 314696714 composite?
True
Is 777184589 a prime number?
True
Is 35416832611 composite?
True
Is 4941425263 composite?
False
Is 37054933393 a prime number?
True
Is 1077443126 composite?
True
Is 708747293 prime?
True
Is 527116207 composite?
True
Is 10045496885 a prime number?
False
Is 84056330921 a composite number?
False
Is 3286580645 prime?
False
Is 4647837973 prime?
True
Is 3551371897 composite?
False
Is 5131697633 composite?
True
Is 3527784419 a composite number?
False
Is 14323689131 a composite number?
False
Is 4834475411 composite?
False
Is 104307674273 a composite number?
True
Is 19676065789 a composite number?
False
Is 29455357 prime?
False
Is 986760149 a composite number?
False
Is 6279970351 a prime number?
False
Is 1612679329 a composite number?
False
Is 28341885095 a prime number?
False
Is 60554801 a prime number?
False
Is 110775708983 composite?
False
Is 2165112343 a composite number?
False
Is 174538129 a prime number?
True
Is 1906930489 composite?
False
Is 41526104317 a prime number?
True
Is 10622637799 a composite number?
True
Is 24217927702 a composite number?
True
Is 1123441598 a composite number?
True
Is 1534710553 composite?
False
Is 8092199399 prime?
True
Is 12570421853 a prime number?
False
Is 25878195803 a prime number?
True
Is 538272061 a composite number?
False
Is 213958427 a prime number?
True
Is 188919754979 composite?
True
Is 63127037095 a composite number?
True
Is 21531170303 a prime number?
True
Is 275214194 composite?
True
Is 22954029151 a composite number?
True
Is 11333337545 a composite number?
True
Is 1435546507 a composite number?
False
Is 115431487 a composite number?
True
Is 42592846531 a composite number?
False
Is 166211831 prime?
True
Is 1769774393 a composite number?
False
Is 35979943 prime?
False
Is 6009694367 prime?
True
Is 32469739 a prime number?
True
Is 33026655239 composite?
True
Is 6324289949 composite?
False
Is 9750922591 a composite number?
False
Is 277473481 a prime number?
True
Is 13250031469 prime?
False
Is 1083029239 a prime number?
False
Is 1858659631 a composite number?
False
Is 53072435191 prime?
True
Is 222789081349 composite?
False
Is 60879080179 composite?
True
Is 1833684497 a prime number?
False
Is 1173090133 composite?
True
Is 13193503 a composite number?
True
Is 170610639917 a composite number?
False
Is 21571042529 prime?
True
Is 1904942471 a composite number?
True
Is 2332020265 prime?
False
Is 19489662391 composite?
False
Is 110910409 composite?
True
Is 3984809701 composite?
True
Is 229555063 prime?
False
Is 30236600153 composite?
False
Is 4370991253 a composite number?
False
Is 10021004657 composite?
False
Is 1860428593 a composite number?
False
Is 6345947063 a composite number?
False
Is 52480095637 a prime number?
True
Is 2103267791 a prime number?
False
Is 452232791 composite?
True
Is 227614829 a prime number?
False
Is 5437121213 composite?
False
Is 352116688021 a composite number?
True
Is 5065053443 composite?
True
Is 18426254057 prime?
False
Is 228567133 prime?
True
Is 56054324797 a prime number?
True
Is 174297031 composite?
False
Is 1465180417 prime?
True
Is 25912214291 a prime number?
True
Is 433590533 a prime number?
True
Is 3063422471 a prime number?
True
Is 182679690949 prime?
False
Is 68648731 a composite number?
False
Is 33581714161 prime?
True
Is 1201336349 prime?
True
Is 228129603613 prime?
False
Is 649866553 composite?
True
Is 6436168169 composite?
False
Is 1215895717 composite?
False
Is 58351362299 prime?
True
Is 189261673 a prime number?
True
Is 69192237457 a composite number?
True
Is 701092111 composite?
True
Is 224954803 composite?
False
Is 67282133 prime?
True
Is 128033720597 composite?
False
Is 9239311639 a prime number?
True
Is 12307655119 a composite number?
False
Is 1965236437 a composite number?
True
Is 264853889413 a prime number?
True
Is 35579567 prime?
True
Is 906053347 prime?
True
Is 37313669927 a prime number?
False
Is 71154428417 composite?
False
Is 1629640227 a prime number?
False
Is 80542831181 composite?
False
Is 1539845267 composite?
False
Is 16888801771 prime?
True
Is 20654215643 a prime number?
True
Is 176610393017 a prime number?
False
Is 1282882519 prime?
True
Is 2437822193 composite?
True
Is 8849777311 prime?
True
Is 7532812759 a composite number?
False
Is 136582601 composite?
True
Is 806271013 composite?
True
Is 10649779519 prime?
True
Is 315340083593 composite?
False
Is 18144623 composite?
True
Is 7068838201 a composite number?
False
Is 47005272863 a prime number?
True
Is 908184731 composite?
False
Is 116253889943 prime?
False
Is 222366203 a prime number?
True
Is 10931947241 a composite number?
True
Is 47862783337 prime?
True
Is 7061772491 prime?
False
Is 51359896529 prime?
True
Is 354486721 prime?
True
Is 2509272397 a prime number?
True
Is 6071944789 composite?
False
Is 6826586477 composite?
True
Is 330509 a composite number?
False
Is 390272453 composite?
False
Is 11249170729 prime?
True
Is 37439469497 a prime number?
False
Is 147558821 a composite number?
False
Is 5042392921 prime?
True
Is 26820097 composite?
False
Is 190326001 composite?
False
Is 13596283427 a composite number?
False
Is 12232297178 composite?
True
Is 2632294711 a prime number?
True
Is 126571122619 prime?
True
Is 53784711257 composite?
False
Is 246